{"id":3261,"date":"2017-07-16T17:02:04","date_gmt":"2017-07-16T14:02:04","guid":{"rendered":"http:\/\/ozbaypvc.com\/?page_id=3261"},"modified":"2017-07-16T17:02:04","modified_gmt":"2017-07-16T14:02:04","slug":"fransiz-balkon-nedir","status":"publish","type":"page","link":"https:\/\/ozbaypvc.com\/index.php\/fransiz-balkon-nedir\/","title":{"rendered":"Frans\u0131z Balkon Nedir?"},"content":{"rendered":"<p>Balkon kap\u0131lar\u0131, evinizin d\u0131\u015far\u0131yla ba\u011flant\u0131lar\u0131ndan biridir. Frans\u0131z balkon ise; yerden tavana kadar uzanan do\u011framalardan olu\u015fan, \u00f6n\u00fcnde maksimum 50 cm\u2019lik bir \u00e7\u0131k\u0131nt\u0131 ve korkuluk bulunan bir balkon t\u00fcr\u00fcd\u00fcr.\u00a0Frans\u0131z balkon\u00a0caml\u0131 olup, tek veya \u00e7ift kanattan olu\u015fmaktad\u0131r.<\/p>\n<p>Frans\u0131z balkon\u00a0kap\u0131s\u0131n\u0131n b\u00fcy\u00fck boyda olmas\u0131, g\u00fc\u00e7l\u00fc bir yal\u0131t\u0131m ve y\u00fcksek kalitede malzeme kullan\u0131m\u0131 gerektirir. Pencerede oldu\u011fu gibi, daha kullan\u0131\u015fl\u0131 ve emniyetli olmas\u0131 a\u00e7\u0131s\u0131ndan balkonda da s\u0131kl\u0131kla\u00a0Pimapen PVC kap\u0131\u00a0tercih edilmektedir.\u00a0Pimapen PVC kap\u0131 sistemleri \u0131s\u0131, ses, toz, hava ve su yal\u0131t\u0131m\u0131 bak\u0131m\u0131ndan en iyi performans\u0131 sunar. Camlar\u0131n kaliteli olmas\u0131 da bu a\u00e7\u0131dan b\u00fct\u00fcnleyici bir unsurdur.<\/p>\n<p>PVC balkon kap\u0131lar\u0131n\u0131\u00a0se\u00e7erken binan\u0131n yap\u0131s\u0131na uygun olmas\u0131na da dikkat edilmelidir. B\u00f6ylece kap\u0131lar tam olarak g\u00f6revini g\u00f6r\u00fcr. Ayr\u0131ca Pimapen PVC kap\u0131lar ekstra emniyet kilitleriyle, emniyet konusunda da y\u00fcksek donan\u0131ml\u0131d\u0131r.<\/p>\n","protected":false},"excerpt":{"rendered":"<p>Balkon kap\u0131lar\u0131, evinizin d\u0131\u015far\u0131yla ba\u011flant\u0131lar\u0131ndan biridir. Frans\u0131z balkon ise; yerden tavana kadar uzanan do\u011framalardan olu\u015fan, \u00f6n\u00fcnde maksimum 50 cm\u2019lik bir \u00e7\u0131k\u0131nt\u0131 ve korkuluk bulunan bir balkon t\u00fcr\u00fcd\u00fcr.\u00a0Frans\u0131z balkon\u00a0caml\u0131 olup, tek veya \u00e7ift kanattan olu\u015fmaktad\u0131r. Frans\u0131z balkon\u00a0kap\u0131s\u0131n\u0131n b\u00fcy\u00fck boyda olmas\u0131, g\u00fc\u00e7l\u00fc bir yal\u0131t\u0131m ve y\u00fcksek kalitede malzeme kullan\u0131m\u0131 gerektirir. Pencerede oldu\u011fu gibi, daha kullan\u0131\u015fl\u0131 ve emniyetli &hellip;<\/p>\n","protected":false},"author":1,"featured_media":0,"parent":0,"menu_order":0,"comment_status":"closed","ping_status":"closed","template":"","meta":{"footnotes":""},"class_list":["post-3261","page","type-page","status-publish","hentry"],"yoast_head":"<!-- This site is optimized with the Yoast SEO plugin v27.4 - https:\/\/yoast.com\/product\/yoast-seo-wordpress\/ -->\n<title>Frans\u0131z Balkon Nedir? - \u00d6zbay Plastik Do\u011frama ve \u0130n\u015f. San. Tic. Ltd. \u015eti<\/title>\n<meta name=\"robots\" content=\"index, follow, max-snippet:-1, max-image-preview:large, max-video-preview:-1\" \/>\n<link rel=\"canonical\" href=\"http:\/\/ozbaypvc.com\/index.php\/fransiz-balkon-nedir\/\" \/>\n<meta property=\"og:locale\" content=\"tr_TR\" \/>\n<meta property=\"og:type\" content=\"article\" \/>\n<meta property=\"og:title\" content=\"Frans\u0131z Balkon Nedir? - \u00d6zbay Plastik Do\u011frama ve \u0130n\u015f. San. Tic. Ltd. \u015eti\" \/>\n<meta property=\"og:description\" content=\"Balkon kap\u0131lar\u0131, evinizin d\u0131\u015far\u0131yla ba\u011flant\u0131lar\u0131ndan biridir. Frans\u0131z balkon ise; yerden tavana kadar uzanan do\u011framalardan olu\u015fan, \u00f6n\u00fcnde maksimum 50 cm\u2019lik bir \u00e7\u0131k\u0131nt\u0131 ve korkuluk bulunan bir balkon t\u00fcr\u00fcd\u00fcr.\u00a0Frans\u0131z balkon\u00a0caml\u0131 olup, tek veya \u00e7ift kanattan olu\u015fmaktad\u0131r. Frans\u0131z balkon\u00a0kap\u0131s\u0131n\u0131n b\u00fcy\u00fck boyda olmas\u0131, g\u00fc\u00e7l\u00fc bir yal\u0131t\u0131m ve y\u00fcksek kalitede malzeme kullan\u0131m\u0131 gerektirir. Pencerede oldu\u011fu gibi, daha kullan\u0131\u015fl\u0131 ve emniyetli &hellip;\" \/>\n<meta property=\"og:url\" content=\"http:\/\/ozbaypvc.com\/index.php\/fransiz-balkon-nedir\/\" \/>\n<meta property=\"og:site_name\" content=\"\u00d6zbay Plastik Do\u011frama ve \u0130n\u015f. San. Tic. Ltd. \u015eti\" \/>\n<meta name=\"twitter:card\" content=\"summary_large_image\" \/>\n<meta name=\"twitter:label1\" content=\"Tahmini okuma s\u00fcresi\" \/>\n\t<meta name=\"twitter:data1\" content=\"1 dakika\" \/>\n<script type=\"application\/ld+json\" class=\"yoast-schema-graph\">{\"@context\":\"https:\\\/\\\/schema.org\",\"@graph\":[{\"@type\":\"WebPage\",\"@id\":\"http:\\\/\\\/ozbaypvc.com\\\/index.php\\\/fransiz-balkon-nedir\\\/\",\"url\":\"http:\\\/\\\/ozbaypvc.com\\\/index.php\\\/fransiz-balkon-nedir\\\/\",\"name\":\"Frans\u0131z Balkon Nedir? - \u00d6zbay Plastik Do\u011frama ve \u0130n\u015f. San. Tic. Ltd. \u015eti\",\"isPartOf\":{\"@id\":\"https:\\\/\\\/ozbaypvc.com\\\/#website\"},\"datePublished\":\"2017-07-16T14:02:04+00:00\",\"breadcrumb\":{\"@id\":\"http:\\\/\\\/ozbaypvc.com\\\/index.php\\\/fransiz-balkon-nedir\\\/#breadcrumb\"},\"inLanguage\":\"tr\",\"potentialAction\":[{\"@type\":\"ReadAction\",\"target\":[\"http:\\\/\\\/ozbaypvc.com\\\/index.php\\\/fransiz-balkon-nedir\\\/\"]}]},{\"@type\":\"BreadcrumbList\",\"@id\":\"http:\\\/\\\/ozbaypvc.com\\\/index.php\\\/fransiz-balkon-nedir\\\/#breadcrumb\",\"itemListElement\":[{\"@type\":\"ListItem\",\"position\":1,\"name\":\"Ana sayfa\",\"item\":\"https:\\\/\\\/ozbaypvc.com\\\/\"},{\"@type\":\"ListItem\",\"position\":2,\"name\":\"Frans\u0131z Balkon Nedir?\"}]},{\"@type\":\"WebSite\",\"@id\":\"https:\\\/\\\/ozbaypvc.com\\\/#website\",\"url\":\"https:\\\/\\\/ozbaypvc.com\\\/\",\"name\":\"\u00d6zbay Plastik Do\u011frama ve \u0130n\u015f. San. Tic. Ltd. \u015eti\",\"description\":\"Giresun Cam Balkon &amp; Katlan\u0131r Cam Balkon - Pimapen - Albert Genau\",\"potentialAction\":[{\"@type\":\"SearchAction\",\"target\":{\"@type\":\"EntryPoint\",\"urlTemplate\":\"https:\\\/\\\/ozbaypvc.com\\\/?s={search_term_string}\"},\"query-input\":{\"@type\":\"PropertyValueSpecification\",\"valueRequired\":true,\"valueName\":\"search_term_string\"}}],\"inLanguage\":\"tr\"}]}<\/script>\n<!-- \/ Yoast SEO plugin. -->","yoast_head_json":{"title":"Frans\u0131z Balkon Nedir? - \u00d6zbay Plastik Do\u011frama ve \u0130n\u015f. San. Tic. Ltd. \u015eti","robots":{"index":"index","follow":"follow","max-snippet":"max-snippet:-1","max-image-preview":"max-image-preview:large","max-video-preview":"max-video-preview:-1"},"canonical":"http:\/\/ozbaypvc.com\/index.php\/fransiz-balkon-nedir\/","og_locale":"tr_TR","og_type":"article","og_title":"Frans\u0131z Balkon Nedir? - \u00d6zbay Plastik Do\u011frama ve \u0130n\u015f. San. Tic. Ltd. \u015eti","og_description":"Balkon kap\u0131lar\u0131, evinizin d\u0131\u015far\u0131yla ba\u011flant\u0131lar\u0131ndan biridir. Frans\u0131z balkon ise; yerden tavana kadar uzanan do\u011framalardan olu\u015fan, \u00f6n\u00fcnde maksimum 50 cm\u2019lik bir \u00e7\u0131k\u0131nt\u0131 ve korkuluk bulunan bir balkon t\u00fcr\u00fcd\u00fcr.\u00a0Frans\u0131z balkon\u00a0caml\u0131 olup, tek veya \u00e7ift kanattan olu\u015fmaktad\u0131r. Frans\u0131z balkon\u00a0kap\u0131s\u0131n\u0131n b\u00fcy\u00fck boyda olmas\u0131, g\u00fc\u00e7l\u00fc bir yal\u0131t\u0131m ve y\u00fcksek kalitede malzeme kullan\u0131m\u0131 gerektirir. Pencerede oldu\u011fu gibi, daha kullan\u0131\u015fl\u0131 ve emniyetli &hellip;","og_url":"http:\/\/ozbaypvc.com\/index.php\/fransiz-balkon-nedir\/","og_site_name":"\u00d6zbay Plastik Do\u011frama ve \u0130n\u015f. San. Tic. Ltd. \u015eti","twitter_card":"summary_large_image","twitter_misc":{"Tahmini okuma s\u00fcresi":"1 dakika"},"schema":{"@context":"https:\/\/schema.org","@graph":[{"@type":"WebPage","@id":"http:\/\/ozbaypvc.com\/index.php\/fransiz-balkon-nedir\/","url":"http:\/\/ozbaypvc.com\/index.php\/fransiz-balkon-nedir\/","name":"Frans\u0131z Balkon Nedir? - \u00d6zbay Plastik Do\u011frama ve \u0130n\u015f. San. Tic. Ltd. \u015eti","isPartOf":{"@id":"https:\/\/ozbaypvc.com\/#website"},"datePublished":"2017-07-16T14:02:04+00:00","breadcrumb":{"@id":"http:\/\/ozbaypvc.com\/index.php\/fransiz-balkon-nedir\/#breadcrumb"},"inLanguage":"tr","potentialAction":[{"@type":"ReadAction","target":["http:\/\/ozbaypvc.com\/index.php\/fransiz-balkon-nedir\/"]}]},{"@type":"BreadcrumbList","@id":"http:\/\/ozbaypvc.com\/index.php\/fransiz-balkon-nedir\/#breadcrumb","itemListElement":[{"@type":"ListItem","position":1,"name":"Ana sayfa","item":"https:\/\/ozbaypvc.com\/"},{"@type":"ListItem","position":2,"name":"Frans\u0131z Balkon Nedir?"}]},{"@type":"WebSite","@id":"https:\/\/ozbaypvc.com\/#website","url":"https:\/\/ozbaypvc.com\/","name":"\u00d6zbay Plastik Do\u011frama ve \u0130n\u015f. San. Tic. Ltd. \u015eti","description":"Giresun Cam Balkon &amp; Katlan\u0131r Cam Balkon - Pimapen - Albert Genau","potentialAction":[{"@type":"SearchAction","target":{"@type":"EntryPoint","urlTemplate":"https:\/\/ozbaypvc.com\/?s={search_term_string}"},"query-input":{"@type":"PropertyValueSpecification","valueRequired":true,"valueName":"search_term_string"}}],"inLanguage":"tr"}]}},"_links":{"self":[{"href":"https:\/\/ozbaypvc.com\/index.php\/wp-json\/wp\/v2\/pages\/3261","targetHints":{"allow":["GET"]}}],"collection":[{"href":"https:\/\/ozbaypvc.com\/index.php\/wp-json\/wp\/v2\/pages"}],"about":[{"href":"https:\/\/ozbaypvc.com\/index.php\/wp-json\/wp\/v2\/types\/page"}],"author":[{"embeddable":true,"href":"https:\/\/ozbaypvc.com\/index.php\/wp-json\/wp\/v2\/users\/1"}],"replies":[{"embeddable":true,"href":"https:\/\/ozbaypvc.com\/index.php\/wp-json\/wp\/v2\/comments?post=3261"}],"version-history":[{"count":0,"href":"https:\/\/ozbaypvc.com\/index.php\/wp-json\/wp\/v2\/pages\/3261\/revisions"}],"wp:attachment":[{"href":"https:\/\/ozbaypvc.com\/index.php\/wp-json\/wp\/v2\/media?parent=3261"}],"curies":[{"name":"wp","href":"https:\/\/api.w.org\/{rel}","templated":true}]}}