{"id":3453,"date":"2017-07-17T16:40:59","date_gmt":"2017-07-17T13:40:59","guid":{"rendered":"http:\/\/ozbaypvc.com\/?page_id=3453"},"modified":"2017-07-17T16:49:47","modified_gmt":"2017-07-17T13:49:47","slug":"momentum","status":"publish","type":"page","link":"https:\/\/ozbaypvc.com\/index.php\/momentum\/","title":{"rendered":"Momentum"},"content":{"rendered":"<div id=\"pl-3453\"  class=\"panel-layout\" ><div id=\"pg-3453-0\"  class=\"panel-grid panel-no-style\" ><div id=\"pgc-3453-0-0\"  class=\"panel-grid-cell\" ><div id=\"panel-3453-0-0-0\" class=\"so-panel widget widget_sow-slider panel-first-child panel-last-child\" data-index=\"0\" ><div\n\t\t\t\n\t\t\tclass=\"so-widget-sow-slider so-widget-sow-slider-default-6d39609536fd-3453\"\n\t\t\t\n\t\t>\t\t\t\t<div class=\"sow-slider-base\" style=\"display: none\" tabindex=\"0\">\n\t\t\t\t\t<ul\n\t\t\t\t\tclass=\"sow-slider-images\"\n\t\t\t\t\tdata-settings=\"{&quot;pagination&quot;:true,&quot;speed&quot;:600,&quot;timeout&quot;:5000,&quot;paused&quot;:false,&quot;pause_on_hover&quot;:false,&quot;swipe&quot;:true,&quot;nav_always_show_desktop&quot;:&quot;&quot;,&quot;nav_always_show_mobile&quot;:&quot;&quot;,&quot;breakpoint&quot;:&quot;780px&quot;,&quot;unmute&quot;:false,&quot;anchor&quot;:null}\"\n\t\t\t\t\t\t\t\t\t\tdata-anchor-id=\"\"\n\t\t\t\t>\t\t<li class=\"sow-slider-image\" style=\"visibility: visible;\" >\n\t\t\t\t\t\t<img loading=\"lazy\" decoding=\"async\" width=\"1280\" height=\"670\" src=\"https:\/\/ozbaypvc.com\/wp-content\/uploads\/2017\/07\/momentum.jpg\" class=\"sow-slider-background-image\" alt=\"\" style=\"\" srcset=\"https:\/\/ozbaypvc.com\/wp-content\/uploads\/2017\/07\/momentum.jpg 1280w, https:\/\/ozbaypvc.com\/wp-content\/uploads\/2017\/07\/momentum-300x157.jpg 300w, https:\/\/ozbaypvc.com\/wp-content\/uploads\/2017\/07\/momentum-768x402.jpg 768w, https:\/\/ozbaypvc.com\/wp-content\/uploads\/2017\/07\/momentum-1024x536.jpg 1024w, https:\/\/ozbaypvc.com\/wp-content\/uploads\/2017\/07\/momentum-555x291.jpg 555w\" sizes=\"auto, (max-width: 1280px) 100vw, 1280px\" \/>\t\t<\/li>\n\t\t\t\t<li class=\"sow-slider-image\" style=\"visibility: hidden;\" >\n\t\t\t\t\t\t<img loading=\"lazy\" decoding=\"async\" width=\"1280\" height=\"670\" src=\"https:\/\/ozbaypvc.com\/wp-content\/uploads\/2017\/07\/momentum-1.jpg\" class=\"sow-slider-background-image\" alt=\"\" style=\"\" srcset=\"https:\/\/ozbaypvc.com\/wp-content\/uploads\/2017\/07\/momentum-1.jpg 1280w, https:\/\/ozbaypvc.com\/wp-content\/uploads\/2017\/07\/momentum-1-300x157.jpg 300w, https:\/\/ozbaypvc.com\/wp-content\/uploads\/2017\/07\/momentum-1-768x402.jpg 768w, https:\/\/ozbaypvc.com\/wp-content\/uploads\/2017\/07\/momentum-1-1024x536.jpg 1024w, https:\/\/ozbaypvc.com\/wp-content\/uploads\/2017\/07\/momentum-1-555x291.jpg 555w\" sizes=\"auto, (max-width: 1280px) 100vw, 1280px\" \/>\t\t<\/li>\n\t\t\t\t<li class=\"sow-slider-image\" style=\"visibility: hidden;\" >\n\t\t\t\t\t\t<img loading=\"lazy\" decoding=\"async\" width=\"1280\" height=\"670\" src=\"https:\/\/ozbaypvc.com\/wp-content\/uploads\/2017\/07\/momentum-2.jpg\" class=\"sow-slider-background-image\" alt=\"\" style=\"\" srcset=\"https:\/\/ozbaypvc.com\/wp-content\/uploads\/2017\/07\/momentum-2.jpg 1280w, https:\/\/ozbaypvc.com\/wp-content\/uploads\/2017\/07\/momentum-2-300x157.jpg 300w, https:\/\/ozbaypvc.com\/wp-content\/uploads\/2017\/07\/momentum-2-768x402.jpg 768w, https:\/\/ozbaypvc.com\/wp-content\/uploads\/2017\/07\/momentum-2-1024x536.jpg 1024w, https:\/\/ozbaypvc.com\/wp-content\/uploads\/2017\/07\/momentum-2-555x291.jpg 555w\" sizes=\"auto, (max-width: 1280px) 100vw, 1280px\" \/>\t\t<\/li>\n\t\t\t\t<li class=\"sow-slider-image\" style=\"visibility: hidden;\" >\n\t\t\t\t\t\t<img loading=\"lazy\" decoding=\"async\" width=\"1280\" height=\"670\" src=\"https:\/\/ozbaypvc.com\/wp-content\/uploads\/2017\/07\/momentum-4.jpg\" class=\"sow-slider-background-image\" alt=\"\" style=\"\" srcset=\"https:\/\/ozbaypvc.com\/wp-content\/uploads\/2017\/07\/momentum-4.jpg 1280w, https:\/\/ozbaypvc.com\/wp-content\/uploads\/2017\/07\/momentum-4-300x157.jpg 300w, https:\/\/ozbaypvc.com\/wp-content\/uploads\/2017\/07\/momentum-4-768x402.jpg 768w, https:\/\/ozbaypvc.com\/wp-content\/uploads\/2017\/07\/momentum-4-1024x536.jpg 1024w, https:\/\/ozbaypvc.com\/wp-content\/uploads\/2017\/07\/momentum-4-555x291.jpg 555w\" sizes=\"auto, (max-width: 1280px) 100vw, 1280px\" \/>\t\t<\/li>\n\t\t\t\t<li class=\"sow-slider-image\" style=\"visibility: hidden;\" >\n\t\t\t\t\t\t<img loading=\"lazy\" decoding=\"async\" width=\"1280\" height=\"670\" src=\"https:\/\/ozbaypvc.com\/wp-content\/uploads\/2017\/07\/momentum-5.jpg\" class=\"sow-slider-background-image\" alt=\"\" style=\"\" srcset=\"https:\/\/ozbaypvc.com\/wp-content\/uploads\/2017\/07\/momentum-5.jpg 1280w, https:\/\/ozbaypvc.com\/wp-content\/uploads\/2017\/07\/momentum-5-300x157.jpg 300w, https:\/\/ozbaypvc.com\/wp-content\/uploads\/2017\/07\/momentum-5-768x402.jpg 768w, https:\/\/ozbaypvc.com\/wp-content\/uploads\/2017\/07\/momentum-5-1024x536.jpg 1024w, https:\/\/ozbaypvc.com\/wp-content\/uploads\/2017\/07\/momentum-5-555x291.jpg 555w\" sizes=\"auto, (max-width: 1280px) 100vw, 1280px\" \/>\t\t<\/li>\n\t\t<\/ul>\t\t\t\t<ol class=\"sow-slider-pagination\">\n\t\t\t\t\t\t\t\t\t\t\t<li><a href=\"#\" data-goto=\"0\" aria-label=\"Display slide 1\"><\/a><\/li>\n\t\t\t\t\t\t\t\t\t\t\t<li><a href=\"#\" data-goto=\"1\" aria-label=\"Display slide 2\"><\/a><\/li>\n\t\t\t\t\t\t\t\t\t\t\t<li><a href=\"#\" data-goto=\"2\" aria-label=\"Display slide 3\"><\/a><\/li>\n\t\t\t\t\t\t\t\t\t\t\t<li><a href=\"#\" data-goto=\"3\" aria-label=\"Display slide 4\"><\/a><\/li>\n\t\t\t\t\t\t\t\t\t\t\t<li><a href=\"#\" data-goto=\"4\" aria-label=\"Display slide 5\"><\/a><\/li>\n\t\t\t\t\t\t\t\t\t<\/ol>\n\n\t\t\t\t<div class=\"sow-slide-nav sow-slide-nav-next\">\n\t\t\t\t\t<a href=\"#\" data-goto=\"next\" aria-label=\"Next slide\" data-action=\"next\">\n\t\t\t\t\t\t<em class=\"sow-sld-icon-thin-right\"><\/em>\n\t\t\t\t\t<\/a>\n\t\t\t\t<\/div>\n\n\t\t\t\t<div class=\"sow-slide-nav sow-slide-nav-prev\">\n\t\t\t\t\t<a href=\"#\" data-goto=\"previous\" aria-label=\"Previous slide\" data-action=\"prev\">\n\t\t\t\t\t\t<em class=\"sow-sld-icon-thin-left\"><\/em>\n\t\t\t\t\t<\/a>\n\t\t\t\t<\/div>\n\t\t\t\t<\/div><\/div><\/div><\/div><\/div><div id=\"pg-3453-1\"  class=\"panel-grid panel-no-style\" ><div id=\"pgc-3453-1-0\"  class=\"panel-grid-cell\" ><div id=\"panel-3453-1-0-0\" class=\"so-panel widget widget_black-studio-tinymce widget_black_studio_tinymce panel-first-child panel-last-child\" data-index=\"1\" ><div class=\"textwidget\"><p><iframe loading=\"lazy\" src=\"http:\/\/player.vimeo.com\/video\/13484332?title=0&amp;byline=0&amp;portrait=0&amp;color=ff0179\" width=\"100%\" height=\"450\" frameborder=\"0\" allowfullscreen=\"allowfullscreen\"><br \/>\n<\/iframe><\/p>\n<\/div><\/div><\/div><\/div><div id=\"pg-3453-2\"  class=\"panel-grid panel-no-style\" ><div id=\"pgc-3453-2-0\"  class=\"panel-grid-cell\" ><div id=\"panel-3453-2-0-0\" class=\"so-panel widget widget_black-studio-tinymce widget_black_studio_tinymce panel-first-child panel-last-child\" data-index=\"2\" ><h3 class=\"widget-title\">MA\u011eAZA A\u00c7MANIN EN KOLAY YOLU:\u00a0S\u0130STEM MOMENTUM<\/h3><div class=\"textwidget\"><p>-\u00a0<strong>Momentum neden \u201cMa\u011faza A\u00e7man\u0131n En Kolay Yolu\u201d ?<\/strong><\/p>\n<p>Momentum sistemi; cafe, restaurant, simit saraylar\u0131, ma\u011faza vitrinleri v.b. yerlerde kullan\u0131lan bir vitrin camlama sistemi. Kullan\u0131m\u0131 \u00e7ok basit. Bu y\u00fczden \u201cMa\u011faza a\u00e7man\u0131n en kolay yolu\u201d diye ironik bir slogan kulland\u0131k. Kanad\u0131n bir tanesinden iterek veya \u00e7ekerek t\u00fcm camlar\u0131 a\u00e7\u0131p kapatabiliyorsunuz. Kanatlardan her biri, birbiri ile ba\u011flant\u0131l\u0131 oldu\u011fundan, hepsi birlikte hareket ettirilebiliyor. Katland\u0131\u011f\u0131nda da \u00e7ok az yer kaplamas\u0131, kullan\u0131m alan\u0131 dar olan yerler i\u00e7in ideal bir \u00e7\u00f6z\u00fcm olu\u015fturuyor. G\u00fcn\u00fcm\u00fczde al\u0131\u015fveri\u015f merkezlerinin artmas\u0131 ile birlikte, farkl\u0131 ma\u011faza ve vitrin uygulamalar\u0131n\u0131n da \u00f6n plana \u00e7\u0131kt\u0131\u011f\u0131n\u0131 g\u00f6r\u00fcyoruz. Modern al\u0131\u015fveri\u015f merkezleri de kendilerini eski \u201c\u00e7ar\u015f\u0131\u201d mant\u0131\u011f\u0131nda konumland\u0131rmaya ba\u015fl\u0131yorlar. Dolay\u0131s\u0131yla istenildi\u011fi zaman a\u00e7\u0131lan ma\u011faza vitrin sistemleri, ma\u011faza sahiplerine, m\u00fc\u015fteriye daha kolay ula\u015fma esnekli\u011fini sa\u011fl\u0131yor.<\/p>\n<p><strong>- Momentum\u2019un Atrium\u2019dan fark\u0131 nedir?<\/strong><\/p>\n<p>Momentum\u2019da t\u00fcm kanatlar birbiri ile ba\u011flant\u0131 aparatlar\u0131 ile ba\u011fl\u0131 iken, Atrium\u2019da her kanat ba\u011f\u0131ms\u0131z hareket ediyor. Her iki sistemde de 10 mm. temperli cam kullan\u0131l\u0131yor ve camlar \u00e7elik pimli ta\u015f\u0131ma sistemine sahip. Sistemlerin uygulama y\u00fckseklikleri birbirinden farkl\u0131. Momentum\u2019da maksimum y\u00fckseklik 2,5 m., Atrium\u2019da 3m.\u00a0 Atrium, her kanad\u0131n bir park alan\u0131nda toplanmas\u0131 prensibine dayal\u0131 bir sistem. Buna kar\u015f\u0131l\u0131k Momentum\u2019da herhangi bir park alan\u0131na ihtiya\u00e7 duyulmuyor. Bu da montaj \u00a0kolayl\u0131\u011f\u0131 sa\u011fl\u0131yor. Her iki sistem de, e\u015fiksiz ve e\u015fikli olarak kullan\u0131labiliyor.<\/p>\n<table style=\"height: 25px;\" width=\"142\">\n<tbody>\n<tr>\n<td>\n<p><a class=\"button-2 img-link\" href=\"http:\/\/www.albertgenau.com\/upload\/Node\/25224\/files\/Atrium-Momentum.pdf\" target=\"_blank\" rel=\"noopener\"><img decoding=\"async\" src=\"http:\/\/www.albertgenau.com\/upload\/Node\/25176\/pics\/ico-katalog.jpg\" alt=\"ico katalog\" \/>\u00a0e-Katalog<\/a><\/p>\n<\/td>\n<\/tr>\n<\/tbody>\n<\/table>\n<\/div><\/div><\/div><\/div><\/div>","protected":false},"excerpt":{"rendered":"<p>MA\u011eAZA A\u00c7MANIN EN KOLAY YOLU:\u00a0S\u0130STEM MOMENTUM-\u00a0Momentum neden \u201cMa\u011faza A\u00e7man\u0131n En Kolay Yolu\u201d ? Momentum sistemi; cafe, restaurant, simit saraylar\u0131, ma\u011faza vitrinleri v.b. yerlerde kullan\u0131lan bir vitrin camlama sistemi. Kullan\u0131m\u0131 \u00e7ok basit. Bu y\u00fczden \u201cMa\u011faza a\u00e7man\u0131n en kolay yolu\u201d diye ironik bir slogan kulland\u0131k. Kanad\u0131n bir tanesinden iterek veya \u00e7ekerek t\u00fcm camlar\u0131 a\u00e7\u0131p kapatabiliyorsunuz. Kanatlardan her &hellip;<\/p>\n","protected":false},"author":1,"featured_media":0,"parent":0,"menu_order":0,"comment_status":"closed","ping_status":"closed","template":"","meta":{"footnotes":""},"class_list":["post-3453","page","type-page","status-publish","hentry"],"yoast_head":"<!-- This site is optimized with the Yoast SEO plugin v27.4 - https:\/\/yoast.com\/product\/yoast-seo-wordpress\/ -->\n<title>Momentum - \u00d6zbay Plastik Do\u011frama ve \u0130n\u015f. San. Tic. Ltd. \u015eti<\/title>\n<meta name=\"robots\" content=\"index, follow, max-snippet:-1, max-image-preview:large, max-video-preview:-1\" \/>\n<link rel=\"canonical\" href=\"http:\/\/ozbaypvc.com\/index.php\/momentum\/\" \/>\n<meta property=\"og:locale\" content=\"tr_TR\" \/>\n<meta property=\"og:type\" content=\"article\" \/>\n<meta property=\"og:title\" content=\"Momentum - \u00d6zbay Plastik Do\u011frama ve \u0130n\u015f. San. Tic. Ltd. \u015eti\" \/>\n<meta property=\"og:description\" content=\"MA\u011eAZA A\u00c7MANIN EN KOLAY YOLU:\u00a0S\u0130STEM MOMENTUM-\u00a0Momentum neden \u201cMa\u011faza A\u00e7man\u0131n En Kolay Yolu\u201d ? Momentum sistemi; cafe, restaurant, simit saraylar\u0131, ma\u011faza vitrinleri v.b. yerlerde kullan\u0131lan bir vitrin camlama sistemi. Kullan\u0131m\u0131 \u00e7ok basit. Bu y\u00fczden \u201cMa\u011faza a\u00e7man\u0131n en kolay yolu\u201d diye ironik bir slogan kulland\u0131k. Kanad\u0131n bir tanesinden iterek veya \u00e7ekerek t\u00fcm camlar\u0131 a\u00e7\u0131p kapatabiliyorsunuz. Kanatlardan her &hellip;\" \/>\n<meta property=\"og:url\" content=\"http:\/\/ozbaypvc.com\/index.php\/momentum\/\" \/>\n<meta property=\"og:site_name\" content=\"\u00d6zbay Plastik Do\u011frama ve \u0130n\u015f. San. Tic. Ltd. \u015eti\" \/>\n<meta property=\"article:modified_time\" content=\"2017-07-17T13:49:47+00:00\" \/>\n<meta property=\"og:image\" content=\"http:\/\/ozbaypvc.com\/wp-content\/uploads\/2017\/07\/momentum.jpg\" \/>\n<meta name=\"twitter:card\" content=\"summary_large_image\" \/>\n<meta name=\"twitter:label1\" content=\"Tahmini okuma s\u00fcresi\" \/>\n\t<meta name=\"twitter:data1\" content=\"1 dakika\" \/>\n<script type=\"application\/ld+json\" class=\"yoast-schema-graph\">{\"@context\":\"https:\\\/\\\/schema.org\",\"@graph\":[{\"@type\":\"WebPage\",\"@id\":\"http:\\\/\\\/ozbaypvc.com\\\/index.php\\\/momentum\\\/\",\"url\":\"http:\\\/\\\/ozbaypvc.com\\\/index.php\\\/momentum\\\/\",\"name\":\"Momentum - \u00d6zbay Plastik Do\u011frama ve \u0130n\u015f. San. Tic. Ltd. \u015eti\",\"isPartOf\":{\"@id\":\"https:\\\/\\\/ozbaypvc.com\\\/#website\"},\"primaryImageOfPage\":{\"@id\":\"http:\\\/\\\/ozbaypvc.com\\\/index.php\\\/momentum\\\/#primaryimage\"},\"image\":{\"@id\":\"http:\\\/\\\/ozbaypvc.com\\\/index.php\\\/momentum\\\/#primaryimage\"},\"thumbnailUrl\":\"http:\\\/\\\/ozbaypvc.com\\\/wp-content\\\/uploads\\\/2017\\\/07\\\/momentum.jpg\",\"datePublished\":\"2017-07-17T13:40:59+00:00\",\"dateModified\":\"2017-07-17T13:49:47+00:00\",\"breadcrumb\":{\"@id\":\"http:\\\/\\\/ozbaypvc.com\\\/index.php\\\/momentum\\\/#breadcrumb\"},\"inLanguage\":\"tr\",\"potentialAction\":[{\"@type\":\"ReadAction\",\"target\":[\"http:\\\/\\\/ozbaypvc.com\\\/index.php\\\/momentum\\\/\"]}]},{\"@type\":\"ImageObject\",\"inLanguage\":\"tr\",\"@id\":\"http:\\\/\\\/ozbaypvc.com\\\/index.php\\\/momentum\\\/#primaryimage\",\"url\":\"https:\\\/\\\/ozbaypvc.com\\\/wp-content\\\/uploads\\\/2017\\\/07\\\/momentum.jpg\",\"contentUrl\":\"https:\\\/\\\/ozbaypvc.com\\\/wp-content\\\/uploads\\\/2017\\\/07\\\/momentum.jpg\",\"width\":1280,\"height\":670},{\"@type\":\"BreadcrumbList\",\"@id\":\"http:\\\/\\\/ozbaypvc.com\\\/index.php\\\/momentum\\\/#breadcrumb\",\"itemListElement\":[{\"@type\":\"ListItem\",\"position\":1,\"name\":\"Ana sayfa\",\"item\":\"https:\\\/\\\/ozbaypvc.com\\\/\"},{\"@type\":\"ListItem\",\"position\":2,\"name\":\"Momentum\"}]},{\"@type\":\"WebSite\",\"@id\":\"https:\\\/\\\/ozbaypvc.com\\\/#website\",\"url\":\"https:\\\/\\\/ozbaypvc.com\\\/\",\"name\":\"\u00d6zbay Plastik Do\u011frama ve \u0130n\u015f. San. Tic. Ltd. \u015eti\",\"description\":\"Giresun Cam Balkon &amp; Katlan\u0131r Cam Balkon - Pimapen - Albert Genau\",\"potentialAction\":[{\"@type\":\"SearchAction\",\"target\":{\"@type\":\"EntryPoint\",\"urlTemplate\":\"https:\\\/\\\/ozbaypvc.com\\\/?s={search_term_string}\"},\"query-input\":{\"@type\":\"PropertyValueSpecification\",\"valueRequired\":true,\"valueName\":\"search_term_string\"}}],\"inLanguage\":\"tr\"}]}<\/script>\n<!-- \/ Yoast SEO plugin. -->","yoast_head_json":{"title":"Momentum - \u00d6zbay Plastik Do\u011frama ve \u0130n\u015f. San. Tic. Ltd. \u015eti","robots":{"index":"index","follow":"follow","max-snippet":"max-snippet:-1","max-image-preview":"max-image-preview:large","max-video-preview":"max-video-preview:-1"},"canonical":"http:\/\/ozbaypvc.com\/index.php\/momentum\/","og_locale":"tr_TR","og_type":"article","og_title":"Momentum - \u00d6zbay Plastik Do\u011frama ve \u0130n\u015f. San. Tic. Ltd. \u015eti","og_description":"MA\u011eAZA A\u00c7MANIN EN KOLAY YOLU:\u00a0S\u0130STEM MOMENTUM-\u00a0Momentum neden \u201cMa\u011faza A\u00e7man\u0131n En Kolay Yolu\u201d ? Momentum sistemi; cafe, restaurant, simit saraylar\u0131, ma\u011faza vitrinleri v.b. yerlerde kullan\u0131lan bir vitrin camlama sistemi. Kullan\u0131m\u0131 \u00e7ok basit. Bu y\u00fczden \u201cMa\u011faza a\u00e7man\u0131n en kolay yolu\u201d diye ironik bir slogan kulland\u0131k. Kanad\u0131n bir tanesinden iterek veya \u00e7ekerek t\u00fcm camlar\u0131 a\u00e7\u0131p kapatabiliyorsunuz. Kanatlardan her &hellip;","og_url":"http:\/\/ozbaypvc.com\/index.php\/momentum\/","og_site_name":"\u00d6zbay Plastik Do\u011frama ve \u0130n\u015f. San. Tic. Ltd. \u015eti","article_modified_time":"2017-07-17T13:49:47+00:00","og_image":[{"url":"http:\/\/ozbaypvc.com\/wp-content\/uploads\/2017\/07\/momentum.jpg","type":"","width":"","height":""}],"twitter_card":"summary_large_image","twitter_misc":{"Tahmini okuma s\u00fcresi":"1 dakika"},"schema":{"@context":"https:\/\/schema.org","@graph":[{"@type":"WebPage","@id":"http:\/\/ozbaypvc.com\/index.php\/momentum\/","url":"http:\/\/ozbaypvc.com\/index.php\/momentum\/","name":"Momentum - \u00d6zbay Plastik Do\u011frama ve \u0130n\u015f. San. Tic. Ltd. \u015eti","isPartOf":{"@id":"https:\/\/ozbaypvc.com\/#website"},"primaryImageOfPage":{"@id":"http:\/\/ozbaypvc.com\/index.php\/momentum\/#primaryimage"},"image":{"@id":"http:\/\/ozbaypvc.com\/index.php\/momentum\/#primaryimage"},"thumbnailUrl":"http:\/\/ozbaypvc.com\/wp-content\/uploads\/2017\/07\/momentum.jpg","datePublished":"2017-07-17T13:40:59+00:00","dateModified":"2017-07-17T13:49:47+00:00","breadcrumb":{"@id":"http:\/\/ozbaypvc.com\/index.php\/momentum\/#breadcrumb"},"inLanguage":"tr","potentialAction":[{"@type":"ReadAction","target":["http:\/\/ozbaypvc.com\/index.php\/momentum\/"]}]},{"@type":"ImageObject","inLanguage":"tr","@id":"http:\/\/ozbaypvc.com\/index.php\/momentum\/#primaryimage","url":"https:\/\/ozbaypvc.com\/wp-content\/uploads\/2017\/07\/momentum.jpg","contentUrl":"https:\/\/ozbaypvc.com\/wp-content\/uploads\/2017\/07\/momentum.jpg","width":1280,"height":670},{"@type":"BreadcrumbList","@id":"http:\/\/ozbaypvc.com\/index.php\/momentum\/#breadcrumb","itemListElement":[{"@type":"ListItem","position":1,"name":"Ana sayfa","item":"https:\/\/ozbaypvc.com\/"},{"@type":"ListItem","position":2,"name":"Momentum"}]},{"@type":"WebSite","@id":"https:\/\/ozbaypvc.com\/#website","url":"https:\/\/ozbaypvc.com\/","name":"\u00d6zbay Plastik Do\u011frama ve \u0130n\u015f. San. Tic. Ltd. \u015eti","description":"Giresun Cam Balkon &amp; Katlan\u0131r Cam Balkon - Pimapen - Albert Genau","potentialAction":[{"@type":"SearchAction","target":{"@type":"EntryPoint","urlTemplate":"https:\/\/ozbaypvc.com\/?s={search_term_string}"},"query-input":{"@type":"PropertyValueSpecification","valueRequired":true,"valueName":"search_term_string"}}],"inLanguage":"tr"}]}},"_links":{"self":[{"href":"https:\/\/ozbaypvc.com\/index.php\/wp-json\/wp\/v2\/pages\/3453","targetHints":{"allow":["GET"]}}],"collection":[{"href":"https:\/\/ozbaypvc.com\/index.php\/wp-json\/wp\/v2\/pages"}],"about":[{"href":"https:\/\/ozbaypvc.com\/index.php\/wp-json\/wp\/v2\/types\/page"}],"author":[{"embeddable":true,"href":"https:\/\/ozbaypvc.com\/index.php\/wp-json\/wp\/v2\/users\/1"}],"replies":[{"embeddable":true,"href":"https:\/\/ozbaypvc.com\/index.php\/wp-json\/wp\/v2\/comments?post=3453"}],"version-history":[{"count":0,"href":"https:\/\/ozbaypvc.com\/index.php\/wp-json\/wp\/v2\/pages\/3453\/revisions"}],"wp:attachment":[{"href":"https:\/\/ozbaypvc.com\/index.php\/wp-json\/wp\/v2\/media?parent=3453"}],"curies":[{"name":"wp","href":"https:\/\/api.w.org\/{rel}","templated":true}]}}