{"id":7,"date":"2014-10-15T12:59:47","date_gmt":"2014-10-15T12:59:47","guid":{"rendered":"http:\/\/xml-io.proteusthemes.com\/buildpress\/?page_id=7"},"modified":"2024-11-02T17:14:36","modified_gmt":"2024-11-02T14:14:36","slug":"front-page","status":"publish","type":"page","link":"https:\/\/ozbaypvc.com\/","title":{"rendered":"Giresun Cam Balkon"},"content":{"rendered":"<div id=\"pl-7\"  class=\"panel-layout\" ><div id=\"pg-7-0\"  class=\"panel-grid panel-has-style\" ><div class=\"siteorigin-panels-stretch panel-row-style panel-row-style-for-7-0\" data-stretch-type=\"full\" ><div id=\"pgc-7-0-0\"  class=\"panel-grid-cell\" ><div id=\"panel-7-0-0-0\" class=\"so-panel widget widget_black-studio-tinymce widget_black_studio_tinymce panel-first-child panel-last-child\" data-index=\"0\" ><div class=\"textwidget\"><h4 class=\"hidden-phone\" style=\"text-align: center;\">Modern tarz\u0131n yal\u0131n \u00e7izgileriyle kendilerine ait bir d\u00fcnya kurma olana\u011f\u0131 sa\u011flayan farkl\u0131 \u015fekil ve renklerde size \u00f6zel tasar\u0131mlar sunuyoruz.<\/h4>\n<\/div><\/div><\/div><\/div><\/div><div id=\"pg-7-1\"  class=\"panel-grid panel-has-style\" ><div class=\"siteorigin-panels-stretch panel-row-style panel-row-style-for-7-1\" data-stretch-type=\"full\" ><div id=\"pgc-7-1-0\"  class=\"panel-grid-cell\" ><div id=\"panel-7-1-0-0\" class=\"so-panel widget widget_black-studio-tinymce widget_black_studio_tinymce panel-first-child panel-last-child\" data-index=\"1\" ><div class=\"textwidget\"><p><a href=\"http:\/\/ozbaypvc.com\/wp-content\/uploads\/2014\/10\/on-camoda.jpg\"><img loading=\"lazy\" decoding=\"async\" class=\"alignnone wp-image-3019 size-medium\" src=\"http:\/\/ozbaypvc.com\/wp-content\/uploads\/2014\/10\/on-camoda-300x169.jpg\" alt=\"\" width=\"300\" height=\"169\" srcset=\"https:\/\/ozbaypvc.com\/wp-content\/uploads\/2014\/10\/on-camoda-300x169.jpg 300w, https:\/\/ozbaypvc.com\/wp-content\/uploads\/2014\/10\/on-camoda-768x432.jpg 768w, https:\/\/ozbaypvc.com\/wp-content\/uploads\/2014\/10\/on-camoda-1024x576.jpg 1024w, https:\/\/ozbaypvc.com\/wp-content\/uploads\/2014\/10\/on-camoda-848x480.jpg 848w, https:\/\/ozbaypvc.com\/wp-content\/uploads\/2014\/10\/on-camoda-360x202.jpg 360w, https:\/\/ozbaypvc.com\/wp-content\/uploads\/2014\/10\/on-camoda-555x312.jpg 555w, https:\/\/ozbaypvc.com\/wp-content\/uploads\/2014\/10\/on-camoda.jpg 1366w\" sizes=\"auto, (max-width: 300px) 100vw, 300px\" \/><\/a><\/p>\n<\/div><\/div><\/div><div id=\"pgc-7-1-1\"  class=\"panel-grid-cell\" ><div id=\"panel-7-1-1-0\" class=\"so-panel widget widget_black-studio-tinymce widget_black_studio_tinymce panel-first-child panel-last-child\" data-index=\"2\" ><div class=\"textwidget\"><p><a href=\"http:\/\/ozbaypvc.com\/wp-content\/uploads\/2014\/10\/Tiara_Twinmax_2.jpg\"><img loading=\"lazy\" decoding=\"async\" class=\"alignnone wp-image-2971 size-medium\" src=\"http:\/\/ozbaypvc.com\/wp-content\/uploads\/2014\/10\/Tiara_Twinmax_2-300x168.jpg\" alt=\"\" width=\"300\" height=\"168\" srcset=\"https:\/\/ozbaypvc.com\/wp-content\/uploads\/2014\/10\/Tiara_Twinmax_2-300x168.jpg 300w, https:\/\/ozbaypvc.com\/wp-content\/uploads\/2014\/10\/Tiara_Twinmax_2-768x431.jpg 768w, https:\/\/ozbaypvc.com\/wp-content\/uploads\/2014\/10\/Tiara_Twinmax_2-1024x575.jpg 1024w, https:\/\/ozbaypvc.com\/wp-content\/uploads\/2014\/10\/Tiara_Twinmax_2-360x202.jpg 360w, https:\/\/ozbaypvc.com\/wp-content\/uploads\/2014\/10\/Tiara_Twinmax_2-555x312.jpg 555w, https:\/\/ozbaypvc.com\/wp-content\/uploads\/2014\/10\/Tiara_Twinmax_2.jpg 1366w\" sizes=\"auto, (max-width: 300px) 100vw, 300px\" \/><\/a><\/p>\n<\/div><\/div><\/div><div id=\"pgc-7-1-2\"  class=\"panel-grid-cell\" ><div id=\"panel-7-1-2-0\" class=\"so-panel widget widget_black-studio-tinymce widget_black_studio_tinymce panel-first-child panel-last-child\" data-index=\"3\" ><div class=\"textwidget\"><p><a href=\"http:\/\/ozbaypvc.com\/wp-content\/uploads\/2014\/10\/Tiara_Twinmax_3.jpg\"><img loading=\"lazy\" decoding=\"async\" class=\"alignnone wp-image-2972 size-medium\" src=\"http:\/\/ozbaypvc.com\/wp-content\/uploads\/2014\/10\/Tiara_Twinmax_3-300x169.jpg\" alt=\"\" width=\"300\" height=\"169\" srcset=\"https:\/\/ozbaypvc.com\/wp-content\/uploads\/2014\/10\/Tiara_Twinmax_3-300x169.jpg 300w, https:\/\/ozbaypvc.com\/wp-content\/uploads\/2014\/10\/Tiara_Twinmax_3-768x432.jpg 768w, https:\/\/ozbaypvc.com\/wp-content\/uploads\/2014\/10\/Tiara_Twinmax_3-1024x576.jpg 1024w, https:\/\/ozbaypvc.com\/wp-content\/uploads\/2014\/10\/Tiara_Twinmax_3-848x480.jpg 848w, https:\/\/ozbaypvc.com\/wp-content\/uploads\/2014\/10\/Tiara_Twinmax_3-360x202.jpg 360w, https:\/\/ozbaypvc.com\/wp-content\/uploads\/2014\/10\/Tiara_Twinmax_3-555x312.jpg 555w, https:\/\/ozbaypvc.com\/wp-content\/uploads\/2014\/10\/Tiara_Twinmax_3.jpg 1366w\" sizes=\"auto, (max-width: 300px) 100vw, 300px\" \/><\/a><\/p>\n<\/div><\/div><\/div><div id=\"pgc-7-1-3\"  class=\"panel-grid-cell\" ><div id=\"panel-7-1-3-0\" class=\"so-panel widget widget_black-studio-tinymce widget_black_studio_tinymce panel-first-child panel-last-child\" data-index=\"4\" ><div class=\"textwidget\"><p><a href=\"http:\/\/ozbaypvc.com\/wp-content\/uploads\/2014\/10\/Tiara_Twinmax_44.jpg\"><img loading=\"lazy\" decoding=\"async\" class=\"alignnone wp-image-2978 size-medium\" src=\"http:\/\/ozbaypvc.com\/wp-content\/uploads\/2014\/10\/Tiara_Twinmax_44-300x169.jpg\" alt=\"\" width=\"300\" height=\"169\" srcset=\"https:\/\/ozbaypvc.com\/wp-content\/uploads\/2014\/10\/Tiara_Twinmax_44-300x169.jpg 300w, https:\/\/ozbaypvc.com\/wp-content\/uploads\/2014\/10\/Tiara_Twinmax_44-768x432.jpg 768w, https:\/\/ozbaypvc.com\/wp-content\/uploads\/2014\/10\/Tiara_Twinmax_44-1024x576.jpg 1024w, https:\/\/ozbaypvc.com\/wp-content\/uploads\/2014\/10\/Tiara_Twinmax_44-848x480.jpg 848w, https:\/\/ozbaypvc.com\/wp-content\/uploads\/2014\/10\/Tiara_Twinmax_44-360x202.jpg 360w, https:\/\/ozbaypvc.com\/wp-content\/uploads\/2014\/10\/Tiara_Twinmax_44-555x312.jpg 555w, https:\/\/ozbaypvc.com\/wp-content\/uploads\/2014\/10\/Tiara_Twinmax_44.jpg 1366w\" sizes=\"auto, (max-width: 300px) 100vw, 300px\" \/><\/a><\/p>\n<\/div><\/div><\/div><\/div><\/div><div id=\"pg-7-2\"  class=\"panel-grid panel-no-style\" ><div id=\"pgc-7-2-0\"  class=\"panel-grid-cell\" ><div id=\"panel-7-2-0-0\" class=\"so-panel widget widget_black-studio-tinymce widget_black_studio_tinymce panel-first-child panel-last-child\" data-index=\"5\" ><h3 class=\"widget-title\">Gizli Su Tahliye Sistemi<\/h3><div class=\"textwidget\"><p><img loading=\"lazy\" decoding=\"async\" class=\"size-medium wp-image-2987 aligncenter\" src=\"http:\/\/ozbaypvc.com\/wp-content\/uploads\/2014\/10\/su-tahliye-196x300.jpg\" alt=\"\" width=\"196\" height=\"300\" srcset=\"https:\/\/ozbaypvc.com\/wp-content\/uploads\/2014\/10\/su-tahliye-196x300.jpg 196w, https:\/\/ozbaypvc.com\/wp-content\/uploads\/2014\/10\/su-tahliye.jpg 233w\" sizes=\"auto, (max-width: 196px) 100vw, 196px\" \/><\/p>\n<p>Sistemde, ta\u015f\u0131y\u0131c\u0131 kasa profili \u00fczerindeki, gizli kondens kanal\u0131 sayesinde hem kozmetik hem de verimli bir su tahliyesi ger\u00e7ekle\u015ftirilirken, ya\u011fmur suyunun, profilin i\u00e7ine girmeden d\u0131\u015far\u0131ya y\u00f6nlendirilmesi, kanat profillerinin \u00fczerindeki y\u00f6nlendirme kanat\u00e7\u0131klar\u0131 ile sa\u011flan\u0131yor.<\/p>\n<\/div><\/div><\/div><div id=\"pgc-7-2-1\"  class=\"panel-grid-cell\" ><div id=\"panel-7-2-1-0\" class=\"so-panel widget widget_black-studio-tinymce widget_black_studio_tinymce panel-first-child panel-last-child\" data-index=\"6\" ><h3 class=\"widget-title\">Durdurulamaz Hareket<\/h3><div class=\"textwidget\"><p><img loading=\"lazy\" decoding=\"async\" class=\"size-full wp-image-2990 aligncenter\" src=\"http:\/\/ozbaypvc.com\/wp-content\/uploads\/2014\/10\/ray-teker.jpg\" alt=\"\" width=\"185\" height=\"250\" \/><\/p>\n<p>Tiara'da, 38 mm \u00e7ap\u0131nda, altta 4, \u00fcstte 4, toplam 8 adet \u00f6zel m\u00fchendislik plasti\u011fi kaplanm\u0131\u015f paslanmaz \u00e7elik teker kullan\u0131lm\u0131\u015ft\u0131r. Tiara'n\u0131n hareketini durduramazs\u0131n\u0131z. T\u00fcm kanatlar, konforlu \u015fekilde, en az s\u00fcrt\u00fcnme ve ses ile hareket eder, a\u00e7\u0131l\u0131p, kapan\u0131r.<\/p>\n<\/div><\/div><\/div><div id=\"pgc-7-2-2\"  class=\"panel-grid-cell\" ><div id=\"panel-7-2-2-0\" class=\"so-panel widget widget_black-studio-tinymce widget_black_studio_tinymce panel-first-child panel-last-child\" data-index=\"7\" ><h3 class=\"widget-title\">D\u00fc\u015fmez, Sarkmaz Cam Kanatlar<\/h3><div class=\"textwidget\"><p><img loading=\"lazy\" decoding=\"async\" class=\"size-full wp-image-2991 aligncenter\" src=\"http:\/\/ozbaypvc.com\/wp-content\/uploads\/2014\/10\/auto-brake.jpg\" alt=\"\" width=\"174\" height=\"140\" \/><\/p>\n<p>Tiara Cambalkon Sistemi i\u00e7in Albert Genau m\u00fchendisleri \u00f6zel bir kilitleme mekanizmas\u0131 geli\u015ftirdiler. \u201cABL \u2013 Auto Brake Lock\u201d ad\u0131 verilen sistem ile kayar cam panelleri park alan\u0131na geldiklerinde, otomatik olarak kilitlenip, kanad\u0131n yerinden oynamadan a\u00e7\u0131lmas\u0131 sa\u011flan\u0131yor. Bu sayede, sistemin kilitlemesi ger\u00e7ekle\u015fmeden, kanat a\u00e7\u0131lmas\u0131 tamamen engelleniyor.<\/p>\n<\/div><\/div><\/div><div id=\"pgc-7-2-3\"  class=\"panel-grid-cell\" ><div id=\"panel-7-2-3-0\" class=\"so-panel widget widget_black-studio-tinymce widget_black_studio_tinymce panel-first-child panel-last-child\" data-index=\"8\" ><h3 class=\"widget-title\">Paslanmaz Aksam<\/h3><div class=\"textwidget\"><p><img loading=\"lazy\" decoding=\"async\" class=\"size-full wp-image-2992 aligncenter\" src=\"http:\/\/ozbaypvc.com\/wp-content\/uploads\/2014\/10\/paslanmaz.png\" alt=\"\" width=\"225\" height=\"173\" \/><\/p>\n<p>Albert Genau\u2019nun t\u00fcm \u00fcr\u00fcnlerinde oldu\u011fu gibi Tiara\u2019da da t\u00fcm rulman ve aksam tak\u0131mlar\u0131 paslanmazl\u0131k garantisi alt\u0131ndad\u0131r.<\/p>\n<\/div><\/div><\/div><\/div><div id=\"pg-7-3\"  class=\"panel-grid panel-has-style\" ><div class=\"siteorigin-panels-stretch panel-row-style panel-row-style-for-7-3\" data-stretch-type=\"full\" ><div id=\"pgc-7-3-0\"  class=\"panel-grid-cell\" ><div id=\"panel-7-3-0-0\" class=\"so-panel widget widget_text panel-first-child panel-last-child\" data-index=\"9\" ><h3 class=\"widget-title\">Markalar\u0131m\u0131z<\/h3>\t\t\t<div class=\"textwidget\"><div class=\"row\">\n<div class=\"col-xs-12 col-sm-2\"><img decoding=\"async\" src=\"http:\/\/ozbaypvc.com\/wp-content\/uploads\/2017\/07\/pimapen.png\" alt=\"Client\" \/><\/div>\n<div class=\"col-xs-12 col-sm-2\"><img decoding=\"async\" src=\"http:\/\/ozbaypvc.com\/wp-content\/uploads\/2017\/07\/albertgenau.png\" alt=\"Client\" \/><\/div>\n<div class=\"col-xs-12 col-sm-2\"><img decoding=\"async\" src=\"http:\/\/ozbaypvc.com\/wp-content\/uploads\/2017\/07\/camoda-logo.png\" alt=\"Client\" \/><\/div>\n<div class=\"col-xs-12 col-sm-2\"><img decoding=\"async\" src=\"http:\/\/ozbaypvc.com\/wp-content\/uploads\/2017\/07\/inoutic.png\" alt=\"Client\" \/><\/div>\n<div class=\"col-xs-12 col-sm-2\"><img decoding=\"async\" src=\"http:\/\/ozbaypvc.com\/wp-content\/uploads\/2017\/07\/siegenia-logo.png\" alt=\"Client\" \/><\/div>\n<div class=\"col-xs-12 col-sm-2\"><img decoding=\"async\" src=\"http:\/\/ozbaypvc.com\/wp-content\/uploads\/2017\/07\/kalekilit-logo.png\" alt=\"Client\" \/><\/div>\n<\/div>\n<\/div>\n\t\t<\/div><\/div><\/div><\/div><div id=\"pg-7-4\"  class=\"panel-grid panel-no-style\" ><div id=\"pgc-7-4-0\"  class=\"panel-grid-cell\" ><div id=\"panel-7-4-0-0\" class=\"so-panel widget widget_text panel-first-child panel-last-child\" data-index=\"10\" ><h3 class=\"widget-title\">\u00d6deme Kanallar\u0131m\u0131z<\/h3>\t\t\t<div class=\"textwidget\"><div class=\"logo-panel\">\n<div class=\"row\">\n<div class=\"col-xs-12 col-sm-2\"><img loading=\"lazy\" decoding=\"async\" src=\"http:\/\/ozbaypvc.com\/wp-content\/uploads\/2017\/07\/isbank.png\" alt=\"Client\" width=\"130\" height=\"35\" \/><\/div>\n<div class=\"col-xs-12 col-sm-2\"><img loading=\"lazy\" decoding=\"async\" src=\"http:\/\/ozbaypvc.com\/wp-content\/uploads\/2017\/07\/ziraat.png\" alt=\"Client\" width=\"130\" height=\"35\" \/><\/div>\n<div class=\"col-xs-12 col-sm-2\"><img loading=\"lazy\" decoding=\"async\" src=\"http:\/\/ozbaypvc.com\/wp-content\/uploads\/2017\/07\/yapikredi.png\" alt=\"Client\" width=\"130\" height=\"35\" \/><\/div>\n<div class=\"col-xs-12 col-sm-2\"><img loading=\"lazy\" decoding=\"async\" src=\"http:\/\/ozbaypvc.com\/wp-content\/uploads\/2017\/07\/turkiye-finans.png\" alt=\"Client\" width=\"130\" height=\"35\" \/><\/div>\n<div class=\"col-xs-12 col-sm-2\"><img loading=\"lazy\" decoding=\"async\" src=\"http:\/\/ozbaypvc.com\/wp-content\/uploads\/2017\/07\/garanti.png\" alt=\"Client\" width=\"130\" height=\"35\" \/><\/div>\n<div class=\"col-xs-12 col-sm-2\"><img loading=\"lazy\" decoding=\"async\" class=\"\" src=\"http:\/\/ozbaypvc.com\/wp-content\/uploads\/2017\/07\/visa-master.jpg\" alt=\"Client\" width=\"260\" height=\"35\" \/><\/div>\n<div class=\"col-xs-12 col-sm-2\"><\/div>\n<div class=\"col-xs-12 col-sm-2\"><\/div>\n<\/div>\n<\/div>\n<\/div>\n\t\t<\/div><\/div><\/div><\/div>","protected":false},"excerpt":{"rendered":"<p>Modern tarz\u0131n yal\u0131n \u00e7izgileriyle kendilerine ait bir d\u00fcnya kurma olana\u011f\u0131 sa\u011flayan farkl\u0131 \u015fekil ve renklerde size \u00f6zel tasar\u0131mlar sunuyoruz.<\/p>\n","protected":false},"author":1,"featured_media":0,"parent":0,"menu_order":0,"comment_status":"closed","ping_status":"closed","template":"template-front-page-slider.php","meta":{"footnotes":""},"class_list":["post-7","page","type-page","status-publish","hentry"],"yoast_head":"<!-- This site is optimized with the Yoast SEO plugin v27.5 - https:\/\/yoast.com\/product\/yoast-seo-wordpress\/ -->\n<title>Giresun Cam Balkon - \u00d6zbay Plastik Do\u011frama ve \u0130n\u015f. San. Tic. Ltd. \u015eti<\/title>\n<meta name=\"robots\" content=\"index, follow, max-snippet:-1, max-image-preview:large, max-video-preview:-1\" \/>\n<link rel=\"canonical\" href=\"https:\/\/ozbaypvc.com\/\" \/>\n<meta property=\"og:locale\" content=\"tr_TR\" \/>\n<meta property=\"og:type\" content=\"article\" \/>\n<meta property=\"og:title\" content=\"Giresun Cam Balkon - \u00d6zbay Plastik Do\u011frama ve \u0130n\u015f. San. Tic. Ltd. \u015eti\" \/>\n<meta property=\"og:description\" content=\"Modern tarz\u0131n yal\u0131n \u00e7izgileriyle kendilerine ait bir d\u00fcnya kurma olana\u011f\u0131 sa\u011flayan farkl\u0131 \u015fekil ve renklerde size \u00f6zel tasar\u0131mlar sunuyoruz.\" \/>\n<meta property=\"og:url\" content=\"https:\/\/ozbaypvc.com\/\" \/>\n<meta property=\"og:site_name\" content=\"\u00d6zbay Plastik Do\u011frama ve \u0130n\u015f. San. Tic. Ltd. \u015eti\" \/>\n<meta property=\"article:modified_time\" content=\"2024-11-02T14:14:36+00:00\" \/>\n<meta property=\"og:image\" content=\"https:\/\/ozbaypvc.com\/wp-content\/uploads\/2014\/10\/on-camoda.jpg\" \/>\n\t<meta property=\"og:image:width\" content=\"1366\" \/>\n\t<meta property=\"og:image:height\" content=\"768\" \/>\n\t<meta property=\"og:image:type\" content=\"image\/jpeg\" \/>\n<meta name=\"twitter:card\" content=\"summary_large_image\" \/>\n<meta name=\"twitter:label1\" content=\"Tahmini okuma s\u00fcresi\" \/>\n\t<meta name=\"twitter:data1\" content=\"5 dakika\" \/>\n<script type=\"application\/ld+json\" class=\"yoast-schema-graph\">{\"@context\":\"https:\\\/\\\/schema.org\",\"@graph\":[{\"@type\":\"WebPage\",\"@id\":\"https:\\\/\\\/ozbaypvc.com\\\/\",\"url\":\"https:\\\/\\\/ozbaypvc.com\\\/\",\"name\":\"Giresun Cam Balkon - \u00d6zbay Plastik Do\u011frama ve \u0130n\u015f. San. Tic. Ltd. \u015eti\",\"isPartOf\":{\"@id\":\"https:\\\/\\\/ozbaypvc.com\\\/#website\"},\"primaryImageOfPage\":{\"@id\":\"https:\\\/\\\/ozbaypvc.com\\\/#primaryimage\"},\"image\":{\"@id\":\"https:\\\/\\\/ozbaypvc.com\\\/#primaryimage\"},\"thumbnailUrl\":\"http:\\\/\\\/ozbaypvc.com\\\/wp-content\\\/uploads\\\/2014\\\/10\\\/on-camoda-300x169.jpg\",\"datePublished\":\"2014-10-15T12:59:47+00:00\",\"dateModified\":\"2024-11-02T14:14:36+00:00\",\"breadcrumb\":{\"@id\":\"https:\\\/\\\/ozbaypvc.com\\\/#breadcrumb\"},\"inLanguage\":\"tr\",\"potentialAction\":[{\"@type\":\"ReadAction\",\"target\":[\"https:\\\/\\\/ozbaypvc.com\\\/\"]}]},{\"@type\":\"ImageObject\",\"inLanguage\":\"tr\",\"@id\":\"https:\\\/\\\/ozbaypvc.com\\\/#primaryimage\",\"url\":\"https:\\\/\\\/ozbaypvc.com\\\/wp-content\\\/uploads\\\/2014\\\/10\\\/on-camoda.jpg\",\"contentUrl\":\"https:\\\/\\\/ozbaypvc.com\\\/wp-content\\\/uploads\\\/2014\\\/10\\\/on-camoda.jpg\",\"width\":1366,\"height\":768},{\"@type\":\"BreadcrumbList\",\"@id\":\"https:\\\/\\\/ozbaypvc.com\\\/#breadcrumb\",\"itemListElement\":[{\"@type\":\"ListItem\",\"position\":1,\"name\":\"Ana sayfa\",\"item\":\"https:\\\/\\\/ozbaypvc.com\\\/\"},{\"@type\":\"ListItem\",\"position\":2,\"name\":\"Giresun Cam Balkon\"}]},{\"@type\":\"WebSite\",\"@id\":\"https:\\\/\\\/ozbaypvc.com\\\/#website\",\"url\":\"https:\\\/\\\/ozbaypvc.com\\\/\",\"name\":\"\u00d6zbay Plastik Do\u011frama ve \u0130n\u015f. San. Tic. Ltd. \u015eti\",\"description\":\"Giresun Cam Balkon &amp; Katlan\u0131r Cam Balkon - Pimapen - Albert Genau\",\"potentialAction\":[{\"@type\":\"SearchAction\",\"target\":{\"@type\":\"EntryPoint\",\"urlTemplate\":\"https:\\\/\\\/ozbaypvc.com\\\/?s={search_term_string}\"},\"query-input\":{\"@type\":\"PropertyValueSpecification\",\"valueRequired\":true,\"valueName\":\"search_term_string\"}}],\"inLanguage\":\"tr\"}]}<\/script>\n<!-- \/ Yoast SEO plugin. -->","yoast_head_json":{"title":"Giresun Cam Balkon - \u00d6zbay Plastik Do\u011frama ve \u0130n\u015f. San. Tic. Ltd. \u015eti","robots":{"index":"index","follow":"follow","max-snippet":"max-snippet:-1","max-image-preview":"max-image-preview:large","max-video-preview":"max-video-preview:-1"},"canonical":"https:\/\/ozbaypvc.com\/","og_locale":"tr_TR","og_type":"article","og_title":"Giresun Cam Balkon - \u00d6zbay Plastik Do\u011frama ve \u0130n\u015f. San. Tic. Ltd. \u015eti","og_description":"Modern tarz\u0131n yal\u0131n \u00e7izgileriyle kendilerine ait bir d\u00fcnya kurma olana\u011f\u0131 sa\u011flayan farkl\u0131 \u015fekil ve renklerde size \u00f6zel tasar\u0131mlar sunuyoruz.","og_url":"https:\/\/ozbaypvc.com\/","og_site_name":"\u00d6zbay Plastik Do\u011frama ve \u0130n\u015f. San. Tic. Ltd. \u015eti","article_modified_time":"2024-11-02T14:14:36+00:00","og_image":[{"width":1366,"height":768,"url":"https:\/\/ozbaypvc.com\/wp-content\/uploads\/2014\/10\/on-camoda.jpg","type":"image\/jpeg"}],"twitter_card":"summary_large_image","twitter_misc":{"Tahmini okuma s\u00fcresi":"5 dakika"},"schema":{"@context":"https:\/\/schema.org","@graph":[{"@type":"WebPage","@id":"https:\/\/ozbaypvc.com\/","url":"https:\/\/ozbaypvc.com\/","name":"Giresun Cam Balkon - \u00d6zbay Plastik Do\u011frama ve \u0130n\u015f. San. Tic. Ltd. \u015eti","isPartOf":{"@id":"https:\/\/ozbaypvc.com\/#website"},"primaryImageOfPage":{"@id":"https:\/\/ozbaypvc.com\/#primaryimage"},"image":{"@id":"https:\/\/ozbaypvc.com\/#primaryimage"},"thumbnailUrl":"http:\/\/ozbaypvc.com\/wp-content\/uploads\/2014\/10\/on-camoda-300x169.jpg","datePublished":"2014-10-15T12:59:47+00:00","dateModified":"2024-11-02T14:14:36+00:00","breadcrumb":{"@id":"https:\/\/ozbaypvc.com\/#breadcrumb"},"inLanguage":"tr","potentialAction":[{"@type":"ReadAction","target":["https:\/\/ozbaypvc.com\/"]}]},{"@type":"ImageObject","inLanguage":"tr","@id":"https:\/\/ozbaypvc.com\/#primaryimage","url":"https:\/\/ozbaypvc.com\/wp-content\/uploads\/2014\/10\/on-camoda.jpg","contentUrl":"https:\/\/ozbaypvc.com\/wp-content\/uploads\/2014\/10\/on-camoda.jpg","width":1366,"height":768},{"@type":"BreadcrumbList","@id":"https:\/\/ozbaypvc.com\/#breadcrumb","itemListElement":[{"@type":"ListItem","position":1,"name":"Ana sayfa","item":"https:\/\/ozbaypvc.com\/"},{"@type":"ListItem","position":2,"name":"Giresun Cam Balkon"}]},{"@type":"WebSite","@id":"https:\/\/ozbaypvc.com\/#website","url":"https:\/\/ozbaypvc.com\/","name":"\u00d6zbay Plastik Do\u011frama ve \u0130n\u015f. San. Tic. Ltd. \u015eti","description":"Giresun Cam Balkon &amp; Katlan\u0131r Cam Balkon - Pimapen - Albert Genau","potentialAction":[{"@type":"SearchAction","target":{"@type":"EntryPoint","urlTemplate":"https:\/\/ozbaypvc.com\/?s={search_term_string}"},"query-input":{"@type":"PropertyValueSpecification","valueRequired":true,"valueName":"search_term_string"}}],"inLanguage":"tr"}]}},"_links":{"self":[{"href":"https:\/\/ozbaypvc.com\/index.php\/wp-json\/wp\/v2\/pages\/7","targetHints":{"allow":["GET"]}}],"collection":[{"href":"https:\/\/ozbaypvc.com\/index.php\/wp-json\/wp\/v2\/pages"}],"about":[{"href":"https:\/\/ozbaypvc.com\/index.php\/wp-json\/wp\/v2\/types\/page"}],"author":[{"embeddable":true,"href":"https:\/\/ozbaypvc.com\/index.php\/wp-json\/wp\/v2\/users\/1"}],"replies":[{"embeddable":true,"href":"https:\/\/ozbaypvc.com\/index.php\/wp-json\/wp\/v2\/comments?post=7"}],"version-history":[{"count":1,"href":"https:\/\/ozbaypvc.com\/index.php\/wp-json\/wp\/v2\/pages\/7\/revisions"}],"predecessor-version":[{"id":4048,"href":"https:\/\/ozbaypvc.com\/index.php\/wp-json\/wp\/v2\/pages\/7\/revisions\/4048"}],"wp:attachment":[{"href":"https:\/\/ozbaypvc.com\/index.php\/wp-json\/wp\/v2\/media?parent=7"}],"curies":[{"name":"wp","href":"https:\/\/api.w.org\/{rel}","templated":true}]}}